{"id":8,"date":"2018-10-10T13:00:37","date_gmt":"2018-10-10T16:00:37","guid":{"rendered":"https:\/\/cidadelaeditorial.com.br\/edicao-por-demanda\/?page_id=8"},"modified":"2021-10-07T14:34:58","modified_gmt":"2021-10-07T17:34:58","slug":"edicao-por-demanda-e-pequena-tiragem-portfolio","status":"publish","type":"page","link":"https:\/\/cidadelaeditorial.com.br\/edicao-por-demanda\/edicao-por-demanda-e-pequena-tiragem-portfolio\/","title":{"rendered":"Portf\u00f3lio"},"content":{"rendered":"<p>[vc_row][vc_column width=&#8221;1\/2&#8243;][vc_column_text]<\/p>\n<h4><strong>Almanaque Paraquedista<\/strong><\/h4>\n<p style=\"text-align: justify;\">J\u00e1 imaginou no que pensam e pelo que passam aqueles homens que desbravam os c\u00e9us? No Almanaque Paraquedista os autores Nilo da Silva Moraes, Paulo Cezar Fagundes e Ricardo Luiz da Silva Freire, todos paraquedistas militares, contam hist\u00f3rias e causos acontecidos com praticantes do paraquedismo em todo o Brasil e, at\u00e9 mesmo, pelo mundo. S\u00e3o relatos fascinantes da rotina desses guerreiros que se dedicam pelo bem do nosso pa\u00eds. Em 703 p\u00e1ginas, a obra registra diversidade de contos relacionados com a vida dos paraquedistas, em especial, os militares. Ricamente ilustrado, o livro \u00e9 uma realiza\u00e7\u00e3o de um sonho de homens igualmente destinados ao bem por serem plenamente completos em suas fun\u00e7\u00f5es. Essas hist\u00f3rias n\u00e3o poderiam deixar de ser contadas e voc\u00ea leitor n\u00e3o pode perder o que t\u00eam a contar os bravos paraquedistas, com sua inigual\u00e1vel carreira que leva aos ares a singeleza do consciente humano, sempre f\u00e9rtil em desbravar novas experi\u00eancias e compartilh\u00e1-las com os demais.[\/vc_column_text][\/vc_column][vc_column width=&#8221;1\/2&#8243;][vc_column_text]<\/p>\n<h4 style=\"text-align: justify;\"><strong>N\u00e3o Deixe o Dia Saber Que Voc\u00ea Ama a Noite<\/strong><\/h4>\n<p style=\"text-align: justify;\"><em>A Hist\u00f3ria da Banda Os The Fraeks<\/em><\/p>\n<p style=\"text-align: justify;\">Rock n\u2019 roll do jeito que deve ser: livre e espont\u00e2neo! A hist\u00f3ria d\u2019Os The Freaks, de Gua\u00edba, Rio Grande do Sul, contada pelo seu pr\u00f3prio baixista, Lauro S\u00e9rgio \u201cBoy\u201d Martinez \u00e9 um registro vivo da m\u00fasica pesada feita no Rio Grande do Sul. Conhecida por sua veia rockeira a cena ga\u00facha \u00e9<\/p>\n<p style=\"text-align: justify;\">muito ativa e diversas bandas passam por todo o estado distorcendo suas guitarras e levando a for\u00e7a do baixo e da bateria. Com quatro CD\u2019s lan\u00e7ados, todos com participa\u00e7\u00f5es de outros artistas importantes do rock ga\u00facho, como King Jim e Fl\u00e1vio<\/p>\n<p style=\"text-align: justify;\">Richter, a banda \u00e9 formada al\u00e9m de Boy Martinez, pelo guitarrista e vocalista L\u00e9o Coutinho, o tamb\u00e9m guitarrista Marcelo Andrade e finalmente, mas n\u00e3o por \u00faltimo, pelo baterista e vocalista<\/p>\n<p style=\"text-align: justify;\">Xande Paiva. Nas 222 p\u00e1ginas do livro fica claro que o rock \u00e9 mais do que uma vertente musical \u00e9 um estilo de vida. Vida, em especial, tocada na estrada, com um grande n\u00famero de shows e muitas boas hist\u00f3rias para contar. O rock jamais vai morrer, pois tem uma conjun\u00e7\u00e3o quase carnal entre p\u00fablico e bandas e dessa uni\u00e3o indestrut\u00edvel surge seu poder de combust\u00e3o. A verdadeira hist\u00f3ria da cena underground passa por relatos como os feitos neste livro, por isso \u00e9 simplesmente imperd\u00edvel saborear essas hist\u00f3rias palpitantes. Hey ho, let\u2019s go!<\/p>\n<p>[\/vc_column_text][\/vc_column][\/vc_row][vc_row][vc_column width=&#8221;1\/2&#8243;][vc_column_text]<\/p>\n<h4 style=\"text-align: justify;\"><strong>Como Estudar e Aprender<\/strong><\/h4>\n<p style=\"text-align: justify;\"><em>Manual Pr\u00e1tico Para Um Estudante<\/em><\/p>\n<p style=\"text-align: justify;\">Estudar \u00e9 algo necess\u00e1rio na vida de todas as pessoas. Mas voc\u00ea j\u00e1 refletiu sobre o modo como voc\u00ea estuda? Seu m\u00e9todo \u00e9 eficaz? Estudar para voc\u00ea significa pegar um livro e l\u00ea-lo em qualquer ambiente, quem sabe acompanhado de m\u00fasica e com um pequeno intervalo para checar suas notifica\u00e7\u00f5es nas redes sociais. Pois o professor Leonardo Agostini, do Departamento de Filosofia da Faculdade de Filosofia e Ci\u00eancias Humanas da PUCRS nos mostra que essa \u00e9 uma maneira equivocada de aprendizagem. Na realidade pouco se aproveita e se absorve de conhecimento nessas condi\u00e7\u00f5es. Da\u00ed pode advir o sentimento de frustra\u00e7\u00e3o, ficar a sensa\u00e7\u00e3o do nada aprendi, de que tudo foi uma perda de tempo, isso torna a educa\u00e7\u00e3o mais dif\u00edcil. Com o professor Agostini entendemos que estudar n\u00e3o \u00e9 s\u00f3 um ato, estudar deve estar ligado \u00e0 inten\u00e7\u00e3o, deve haver a vontade de aprender. Esse \u00e9 o primeiro passo. Da\u00ed deve-se desenvolver t\u00e9cnicas para melhor estudar, ficando longe das distra\u00e7\u00f5es e tendo um real aproveitamento do tempo de estudo. Em r\u00e1pidas 153 p\u00e1ginas o professor nos guia para uma t\u00e9cnica completa de aprendizado que pode mudar sua percep\u00e7\u00e3o e torn\u00e1-lo um novo aluno. Com uma capacidade de reten\u00e7\u00e3o do conhecimento muito superior \u00e0queles que\u00a0 n\u00e3o se dedicam da devida maneira ao h\u00e1bito de estudar. Seguindo o planejamento tra\u00e7ado pelo autor voc\u00ea ter\u00e1 maior facilidade para a leitura de livros, artigos, materiais did\u00e1ticos, enfim tudo que engloba o aprendizado e n\u00e3o mais perder\u00e1 tempo com maneiras infrut\u00edferas de estudar. O m\u00e9todo pode ser aplicado a qualquer idade e quanto mais cedo for feito este ajuste, mais r\u00e1pidos ser\u00e3o os resultados obtidos. Agora aprender ficou muito mais f\u00e1cil. O conhecimento est\u00e1 ao seu alcance, basta ter vontade para alcan\u00e7a-lo.[\/vc_column_text][\/vc_column][vc_column width=&#8221;1\/2&#8243;][vc_column_text]<\/p>\n<h4 style=\"text-align: justify;\"><strong>Uma Hermen\u00eautica Existencial do Fen\u00f4meno da Consci\u00eancia<\/strong><\/h4>\n<p style=\"text-align: justify;\">Cedaior da Silveira e Lionara Fusari trazem valiosa contribui\u00e7\u00e3o ao tentar desvendar o mist\u00e9rio da constru\u00e7\u00e3o da consci\u00eancia. Muito j\u00e1 foi dito sobre este tema, mas as discuss\u00f5es seguem firmes dentro e fora do ambiente acad\u00eamico. O objetivo da obra n\u00e3o \u00e9 fazer revis\u00e3o sobre o que j\u00e1 est\u00e1 posto. \u00c9 sim, trazer novas\u00a0luzes ao caminho filos\u00f3fico que visa descobrir qual \u00e9 a nuance que determina o surgimento da consci\u00eancia. Para determinar tais perspectivas o livro foca no necess\u00e1rio estudo de como vem sendo interpretada a consci\u00eancia em todas as camadas do conhecimento, buscando interpretar do ponto de vista hist\u00f3rico e da constru\u00e7\u00e3o da consci\u00eancia lato sensu e tamb\u00e9m nos indiv\u00edduos, redundando na conforma\u00e7\u00e3o da situa\u00e7\u00e3o subjetiva de cada pessoa com sua consci\u00eancia. Tamb\u00e9m s\u00e3o apontadas as raz\u00f5es hist\u00f3ricas para as explica\u00e7\u00f5es no que tangem a consci\u00eancia. Sem se deixar levar por revisionismos a obra aborda em 215 p\u00e1ginas todos os elementos constitutivos daquilo que entendemos por consci\u00eancia do ponto de vista existencial do fen\u00f4meno em si. Elaborados os pensamentos de acordo com a hermen\u00eautica e os campos de an\u00e1lises afins. Aprendemos com os autores que no palco da vida os atores s\u00e3o apenas representa\u00e7\u00f5es da falta prim\u00e1ria, o qual interpreta de forma subjetiva o script formado por seus desejos de realiza\u00e7\u00e3o, tamb\u00e9m chamados de substitui\u00e7\u00f5es de falta. Ao final desse livro restar\u00e1 muito espa\u00e7o para reflex\u00e3o e o pr\u00f3prio estrato de sua consci\u00eancia estar\u00e1 ativo interpretando as elabora\u00e7\u00f5es sugeridas no livro. Um livro para quem quer pensar al\u00e9m e abstrair sobre a nossa pr\u00f3pria condi\u00e7\u00e3o humana.<\/p>\n<p>[\/vc_column_text][\/vc_column][\/vc_row][vc_row][vc_column width=&#8221;1\/2&#8243;][vc_column_text]<\/p>\n<h4 style=\"text-align: justify;\"><strong>Introdu\u00e7\u00e3o ao Jornalismo Econ\u00f4mico<\/strong><\/h4>\n<p style=\"text-align: justify;\">A economia \u00e9 t\u00e3o fundamental aos seres humanos que parece termos aprendido sobre o assunto de forma inata. Mas, na verdade, se trata de assunto muito complexo, cheio de nuances e termos estrangeiros. Sem d\u00favida, os principais respons\u00e1veis por esclarecer sobre os rumos do passo econ\u00f4mico s\u00e3o os jornalistas. Os bravos homens do jornalismo econ\u00f4mico em seus prim\u00f3rdios inspiraram Cl\u00e1udio Medina, decano da Companhia Jornal\u00edstica Caldas J\u00fanior no assunto, a escrever sobre este assunto t\u00e3o palpitante. Que este livro em suas concisas 65 p\u00e1ginas sirva para refer\u00eancia acad\u00eamica, visando os futuros jornalistas que queiram ingressar nessa interessante \u00e1rea, bem como orientar os leigos no assunto para ter um conhecimento mais profundo sobre economia. Na obra voc\u00ea ser\u00e1 inserido na \u00e9tica do mercado e nas mudan\u00e7as provocadas pelo mesmo em vista das oscila\u00e7\u00f5es condizentes com as movimenta\u00e7\u00f5es financeiras, tanto na micro quanto na macroeconomia. Aproveite para desvendar os mist\u00e9rios da \u00e1rea com um mini dicion\u00e1rio econ\u00f4mico, o qual esclarece as principais d\u00favidas relativas ao mundo financeiro. Um guia vibrante e r\u00e1pido sobre uma das \u00e1reas mais importantes da nossa vida. N\u00e3o podemos passar nossa exist\u00eancia sem aprofundar os conhecimentos em ramo t\u00e3o importante. Aproveite e busque o melhor conhecimento atrav\u00e9s desse livro fundamental para o entendimento da economia, em especial, da lida di\u00e1ria do jornalismo econ\u00f4mico.[\/vc_column_text][\/vc_column][vc_column width=&#8221;1\/2&#8243;][vc_column_text]<\/p>\n<h4 style=\"text-align: justify;\"><strong>50 Anos Que Mudaram o Brasil e o Mundo<\/strong><\/h4>\n<p style=\"text-align: justify;\"><em>Uma S\u00edntese Dos Principais Acontecimentos Que Mudaram o Brasil e o Mundo de 1950 a 2000<\/em><\/p>\n<p style=\"text-align: justify;\">Dizem que a segunda metade do s\u00e9culo XX significa a maior evolu\u00e7\u00e3o j\u00e1 vista na hist\u00f3ria humana. V\u00e1rios fatos nos comprovam essa afirma\u00e7\u00e3o, vide a corrida ao espa\u00e7o e ao boom das telecomunica\u00e7\u00f5es. Por\u00e9m, em 1950 as coisas eram muito mais calmas, em especial, em Porto Alegre, lar do autor Cl\u00e1udio Medina. O escritor vivenciava uma cidade com ares provincianos que via circular seus bondinhos e se animava com cinemas de rua e com as apresenta\u00e7\u00f5es do r\u00e1dio. Eram de grande repercuss\u00e3o as radionovelas, com seus astros e estrelas. Os badalados m\u00fasicos tomavam conta dos programas de audit\u00f3rio, que tinham show de eloqu\u00eancia de seus apresentadores. O ponto de encontro era o Teatro Ara\u00fajo Vianna, no Parque da Reden\u00e7\u00e3o, ali se apresentavam artistas de renome internacional. E \u00e9 navegando na inf\u00e2ncia de Medina que somos levados nessa viagem de cinco d\u00e9cadas. Quis o destino que Medina se transformasse em homem de comunica\u00e7\u00e3o, tendo trabalhado em alguns dos principais ve\u00edculos de comunica\u00e7\u00e3o do Rio Grande do Sul, como a R\u00e1dio Difusora e o Jornal Correio do Povo. Em suas 81 p\u00e1ginas, nada escapa do que aconteceu de mais importante no per\u00edodo, seja no Brasil ou no exterior, da morte de Kennedy aos Caras Pintadas, s\u00e3o relatados acontecimentos que mudaram gera\u00e7\u00f5es. Tudo apresentado \u00a0com\u00a0 a indispens\u00e1vel an\u00e1lise de um observador experiente que ao mesmo tempo foi agente da hist\u00f3ria ao registr\u00e1-la para seu trabalho. Seja levado pelas m\u00e3os de Cl\u00e1udio Medina pelas ocorr\u00eancias que moldaram a sociedade brasileira.[\/vc_column_text][\/vc_column][\/vc_row][vc_row][vc_column][vc_column_text]<\/p>\n<h2 style=\"text-align: center;\">VER MAIS&#8230;<\/h2>\n<p>[\/vc_column_text][\/vc_column][\/vc_row]<\/p>\n","protected":false},"excerpt":{"rendered":"<p>[vc_row][vc_column width=&#8221;1\/2&#8243;][vc_column_text] Almanaque Paraquedista J\u00e1 imaginou no que pensam e pelo que passam aqueles homens que desbravam os c\u00e9us? No Almanaque Paraquedista os autores Nilo da Silva Moraes, Paulo Cezar Fagundes e Ricardo Luiz da Silva Freire, todos paraquedistas militares, contam hist\u00f3rias e causos acontecidos com praticantes do paraquedismo em todo o Brasil e, at\u00e9 [&hellip;]<\/p>\n","protected":false},"author":1,"featured_media":0,"parent":0,"menu_order":0,"comment_status":"closed","ping_status":"closed","template":"","meta":[],"_links":{"self":[{"href":"https:\/\/cidadelaeditorial.com.br\/edicao-por-demanda\/wp-json\/wp\/v2\/pages\/8"}],"collection":[{"href":"https:\/\/cidadelaeditorial.com.br\/edicao-por-demanda\/wp-json\/wp\/v2\/pages"}],"about":[{"href":"https:\/\/cidadelaeditorial.com.br\/edicao-por-demanda\/wp-json\/wp\/v2\/types\/page"}],"author":[{"embeddable":true,"href":"https:\/\/cidadelaeditorial.com.br\/edicao-por-demanda\/wp-json\/wp\/v2\/users\/1"}],"replies":[{"embeddable":true,"href":"https:\/\/cidadelaeditorial.com.br\/edicao-por-demanda\/wp-json\/wp\/v2\/comments?post=8"}],"version-history":[{"count":6,"href":"https:\/\/cidadelaeditorial.com.br\/edicao-por-demanda\/wp-json\/wp\/v2\/pages\/8\/revisions"}],"predecessor-version":[{"id":119,"href":"https:\/\/cidadelaeditorial.com.br\/edicao-por-demanda\/wp-json\/wp\/v2\/pages\/8\/revisions\/119"}],"wp:attachment":[{"href":"https:\/\/cidadelaeditorial.com.br\/edicao-por-demanda\/wp-json\/wp\/v2\/media?parent=8"}],"curies":[{"name":"wp","href":"https:\/\/api.w.org\/{rel}","templated":true}]}}