{"id":10,"date":"2018-10-10T13:00:56","date_gmt":"2018-10-10T16:00:56","guid":{"rendered":"https:\/\/cidadelaeditorial.com.br\/edicao-por-demanda\/?page_id=10"},"modified":"2018-10-19T13:30:07","modified_gmt":"2018-10-19T16:30:07","slug":"edicao-por-demanda-e-pequena-tiragem-depoimentos","status":"publish","type":"page","link":"https:\/\/cidadelaeditorial.com.br\/edicao-por-demanda\/edicao-por-demanda-e-pequena-tiragem-depoimentos\/","title":{"rendered":"Depoimentos"},"content":{"rendered":"<p>[vc_row][vc_column][vc_column_text]<\/p>\n<h2 style=\"text-align: center;\">Veja o que alguns autores tem a dizer sobre a Cidadela Edi\u00e7\u00e3o por Demanda<\/h2>\n<p>[\/vc_column_text][\/vc_column][\/vc_row][vc_row][vc_column width=&#8221;1\/2&#8243;][vc_column_text]\u201c<em>Depois de exaustivamente buscar uma editora que atendesse aos meus anseios, com rela\u00e7\u00e3o \u00e0 edi\u00e7\u00e3o de alguns livros de minha autoria, deparei-me, atrav\u00e9s da internet, com a Cidadela Editorial. Confesso que, a principio temeroso, enviei meus escritos por E-Mail como mais uma tentativa, das muitas que havia feito, de encontrar algu\u00e9m com quem pudesse dialogar sobre a melhor forma de dar prosseguimento ao meu projeto.<\/em><br \/>\n<em>Minha surpresa foi enorme quando, em poucos dias, pude vislumbrar as capas completas dos cinco livros e, em poucos dias mais, receb\u00ea-los impressos em minha casa.<\/em><br \/>\n<em>Estou convencido que esta \u00e9 a forma moderna e correta dos novos escritores verem seus projetos publicados com rapidez e efici\u00eancia. Destaco, ainda, o atendimento profissional e competente dispensado por Felipe de Andrade Pereira, Gerente da Cidadela, em Porto Alegre.\u201d<\/em><\/p>\n<p style=\"text-align: right;\"><strong>Jober Rocha<\/strong><br \/>\nAutor de 05 t\u00edtulos publicados pela Cidadela, entre eles \u201cO vendedor de palavras\u201d.<br \/>\njoberrocha@yahoo.com.br<\/p>\n<p>[\/vc_column_text][\/vc_column][vc_column width=&#8221;1\/2&#8243;][vc_column_text]\u201c<em>Falar sobre a Cidadela Editorial, para mim, significa enaltecer a \u201ccontramar\u00e9\u201d (express\u00e3o eternizada nas doces palavras da querida amiga e poeta Tatiana Morais) que representa uma editora independente s\u00e9ria inserida em um mercado editorial cada dia mais obscuro e sem crit\u00e9rios objetivos de publica\u00e7\u00e3o. Cidadela \u00e9 sin\u00f4nimo de liberdade. Publicar atrav\u00e9s dessa filosofia significa romper com paradigmas que beneficiam a mediocridade em detrimento \u00e0 liberdade criativa. Crit\u00e9rios mercadol\u00f3gicos n\u00e3o deveriam influenciar a produ\u00e7\u00e3o art\u00edstica. Com efeito, a sele\u00e7\u00e3o das grandes editoras segue um ritual moroso e meramente subjetivo de um indiv\u00edduo, parte de um conselho editorial, que, com pretens\u00e3o e arrog\u00e2ncia, considera algo como vend\u00e1vel ou n\u00e3o. \u00c9 sabido, sem embargo, que nem tudo o que \u00e9 vend\u00e1vel possui qualidade liter\u00e1ria. Os \u201csubliteratos\u201d campe\u00f5es de venda, afinal de contas, n\u00e3o me deixam incorrer em equ\u00edvoco.<\/em><\/p>\n<p><em>Publicar com a presente editora representa a desburocratiza\u00e7\u00e3o e a liberta\u00e7\u00e3o de amarras invis\u00edveis que impedem o escritor de ter o prazer de ver suas palavras impressas no papel, em um ritual milenar que se repete \u2013 e sempre se repetir\u00e1 \u2013 a despeito do surgimento de aparatos tecnol\u00f3gicos como os livros eletr\u00f4nicos. O prazer de ver sua obra publicada \u00e9 finalmente acess\u00edvel a todas as pessoas.<\/em><br \/>\n<em>Destaco o papel do Sr. Felipe em todo o processo de publica\u00e7\u00e3o. Felipe \u00e9 igualmente contramar\u00e9. A sua paci\u00eancia supera facilmente o arqu\u00e9tipo b\u00edblico de resigna\u00e7\u00e3o. Nada mais insistente, persistente e irritante do que um escritor cheio de d\u00favidas sobre todo o processo de publica\u00e7\u00e3o de sua obra. Ele representa a seguran\u00e7a de um fiel escudeiro, mais ou menos como Sancho Pan\u00e7a na obra de Cervantes.\u201d<\/em><\/p>\n<p style=\"text-align: right;\"><strong>HMelo<\/strong><br \/>\nAutor de \u201cNo\u00e7\u00f5es Gerais de Direi toMar\u00edtimo\u201d e outros 5 t\u00edtulos.<br \/>\nhmelo1002@hotmail.com<\/p>\n<p>[\/vc_column_text][\/vc_column][\/vc_row][vc_row][vc_column width=&#8221;1\/2&#8243;][vc_column_text]\u201c<em>Bom, conheci a Editora Cidadela atrav\u00e9s de um convite na rede Ning Palavras, incentivada por um amigo. Embora escreva h\u00e1 muito tempo n\u00e3o imaginava a possibilidade de um dia ver minhas poesias publicadas em um livro, mas no fundo, escondido, havia sim um profundo desejo que precisava ser estimulado.<\/em><br \/>\n<em>Destaque para a seriedade, paci\u00eancia com que fui atendida e o interesse em levar aos jovens a ter um encontro com a arte de escrever estimulando futuros escritores. S\u00e3o pontos positivos que me encantaram no come\u00e7o. Confiei a eles minhas poesias.<\/em><br \/>\n<em>Por fim o profissionalismo, a qualidade do produto, tudo feito com muito capricho, boa digita\u00e7\u00e3o, diagrama\u00e7\u00e3o bem elaborada, papel de \u00f3tima qualidade. Simplesmente \u2018Amei\u2019 fazer parceria com a Cidadela no Projeto Pequenas Hist\u00f3rias.<\/em><br \/>\n<em>Feliz com o acabamento do produto e mais feliz ainda em ter a Colet\u00e2nea de Poesias em minhas m\u00e3os, poder folhear e admirar o livro em que participei.<\/em><br \/>\n<em>A todos da Editora Cidadela obrigada pelo carinho e respeito com que sempre fui atendida.\u201d<\/em><\/p>\n<p style=\"text-align: right;\"><strong>Marilda de Medeiros Correa,<\/strong>\u00a0autora participante<br \/>\ndo Projeto Pequenas Hist\u00f3rias \u2014 Poesias.<br \/>\nmari_rhua@hotmail.com<\/p>\n<p>[\/vc_column_text][\/vc_column][vc_column width=&#8221;1\/2&#8243;][vc_column_text]<em>\u201cCerta vez li o seguinte verso \u2018Atire-se em dire\u00e7\u00e3o a lua, se voc\u00ea n\u00e3o acertar, certamente aterrissar\u00e1 entre as estrelas\u2026\u2019 Acredito que todo escritor sonha em um dia ver a sua obra editada, desengavetar o que com tanto amor, dor, suor e paix\u00e3o se aplicou em escrever. E eu posso dizer que hoje eu alcancei a primeira estrela da minha realiza\u00e7\u00e3o, atrav\u00e9s da Cidadela Editorial que foi como uma luz no fim do t\u00fanel, pois de verdade oportunizou essa conquista, n\u00e3o onera de forma invi\u00e1vel a obra, mas sim abre as portas para que ela seja realmente concretizada. E quem sabe eu ainda alcance a lua.. tudo \u00e9 poss\u00edvel.<\/em><\/p>\n<p><em>Acredite amigo escritor voc\u00ea tamb\u00e9m pode alcan\u00e7ar essa realiza\u00e7\u00e3o e ter o seu sonhado livro em m\u00e3os\u2026\u201d<\/em><\/p>\n<p style=\"text-align: right;\"><strong>Aline Kal\u00e7ovik,<\/strong>\u00a0autora de \u201cO Libertar de um Dom\u201d<br \/>\nlinekalcovik@hotmail.com<\/p>\n<p>[\/vc_column_text][\/vc_column][\/vc_row][vc_row][vc_column width=&#8221;1\/2&#8243;][vc_column_text]\u201cO livro superou todas as minhas expectativas. Folheando suas p\u00e1ginas, me encantei ao ver o cuidado e o carinho que a editora teve com nossos \u201cfilhos\u201d (contos). O Pequenas Hist\u00f3rias \u00e9, sem d\u00favida, uma iniciativa maravilhosa da Cidadela. Quero continuar participando do projeto nas pr\u00f3ximas edi\u00e7\u00f5es. Mais uma vez, muito obrigada e parab\u00e9ns!\u201d<\/p>\n<p style=\"text-align: right;\"><strong>Luciana Arrieta Volpato<\/strong>, autora participante do \u201cProjeto Pequenas Hist\u00f3rias\u201d<br \/>\nlucinhaok@gmail.com<\/p>\n<p>[\/vc_column_text][\/vc_column][vc_column width=&#8221;1\/2&#8243;][\/vc_column][\/vc_row]<\/p>\n","protected":false},"excerpt":{"rendered":"<p>[vc_row][vc_column][vc_column_text] Veja o que alguns autores tem a dizer sobre a Cidadela Edi\u00e7\u00e3o por Demanda [\/vc_column_text][\/vc_column][\/vc_row][vc_row][vc_column width=&#8221;1\/2&#8243;][vc_column_text]\u201cDepois de exaustivamente buscar uma editora que atendesse aos meus anseios, com rela\u00e7\u00e3o \u00e0 edi\u00e7\u00e3o de alguns livros de minha autoria, deparei-me, atrav\u00e9s da internet, com a Cidadela Editorial. Confesso que, a principio temeroso, enviei meus escritos por E-Mail [&hellip;]<\/p>\n","protected":false},"author":1,"featured_media":0,"parent":0,"menu_order":0,"comment_status":"closed","ping_status":"closed","template":"","meta":[],"_links":{"self":[{"href":"https:\/\/cidadelaeditorial.com.br\/edicao-por-demanda\/wp-json\/wp\/v2\/pages\/10"}],"collection":[{"href":"https:\/\/cidadelaeditorial.com.br\/edicao-por-demanda\/wp-json\/wp\/v2\/pages"}],"about":[{"href":"https:\/\/cidadelaeditorial.com.br\/edicao-por-demanda\/wp-json\/wp\/v2\/types\/page"}],"author":[{"embeddable":true,"href":"https:\/\/cidadelaeditorial.com.br\/edicao-por-demanda\/wp-json\/wp\/v2\/users\/1"}],"replies":[{"embeddable":true,"href":"https:\/\/cidadelaeditorial.com.br\/edicao-por-demanda\/wp-json\/wp\/v2\/comments?post=10"}],"version-history":[{"count":4,"href":"https:\/\/cidadelaeditorial.com.br\/edicao-por-demanda\/wp-json\/wp\/v2\/pages\/10\/revisions"}],"predecessor-version":[{"id":99,"href":"https:\/\/cidadelaeditorial.com.br\/edicao-por-demanda\/wp-json\/wp\/v2\/pages\/10\/revisions\/99"}],"wp:attachment":[{"href":"https:\/\/cidadelaeditorial.com.br\/edicao-por-demanda\/wp-json\/wp\/v2\/media?parent=10"}],"curies":[{"name":"wp","href":"https:\/\/api.w.org\/{rel}","templated":true}]}}

<p>[vc_row][vc_column][vc_column_text]</p>
<h2 style="text-align: center;">Veja o que alguns autores tem a dizer sobre a Cidadela Edição por Demanda</h2>
<p>[/vc_column_text][/vc_column][/vc_row][vc_row][vc_column width=&#8221;1/2&#8243;][vc_column_text]“<em>Depois de exaustivamente buscar uma editora que atendesse aos meus anseios, com relação à edição de alguns livros de minha autoria, deparei-me, através da internet, com a Cidadela Editorial. Confesso que, a principio temeroso, enviei meus escritos por E-Mail como mais uma tentativa, das muitas que havia feito, de encontrar alguém com quem pudesse dialogar sobre a melhor forma de dar prosseguimento ao meu projeto.</em><br />
<em>Minha surpresa foi enorme quando, em poucos dias, pude vislumbrar as capas completas dos cinco livros e, em poucos dias mais, recebê-los impressos em minha casa.</em><br />
<em>Estou convencido que esta é a forma moderna e correta dos novos escritores verem seus projetos publicados com rapidez e eficiência. Destaco, ainda, o atendimento profissional e competente dispensado por Felipe de Andrade Pereira, Gerente da Cidadela, em Porto Alegre.”</em></p>
<p style="text-align: right;"><strong>Jober Rocha</strong><br />
Autor de 05 títulos publicados pela Cidadela, entre eles “O vendedor de palavras”.<br />
joberrocha@yahoo.com.br</p>
<p>[/vc_column_text][/vc_column][vc_column width=&#8221;1/2&#8243;][vc_column_text]“<em>Falar sobre a Cidadela Editorial, para mim, significa enaltecer a “contramaré” (expressão eternizada nas doces palavras da querida amiga e poeta Tatiana Morais) que representa uma editora independente séria inserida em um mercado editorial cada dia mais obscuro e sem critérios objetivos de publicação. Cidadela é sinônimo de liberdade. Publicar através dessa filosofia significa romper com paradigmas que beneficiam a mediocridade em detrimento à liberdade criativa. Critérios mercadológicos não deveriam influenciar a produção artística. Com efeito, a seleção das grandes editoras segue um ritual moroso e meramente subjetivo de um indivíduo, parte de um conselho editorial, que, com pretensão e arrogância, considera algo como vendável ou não. É sabido, sem embargo, que nem tudo o que é vendável possui qualidade literária. Os “subliteratos” campeões de venda, afinal de contas, não me deixam incorrer em equívoco.</em></p>
<p><em>Publicar com a presente editora representa a desburocratização e a libertação de amarras invisíveis que impedem o escritor de ter o prazer de ver suas palavras impressas no papel, em um ritual milenar que se repete – e sempre se repetirá – a despeito do surgimento de aparatos tecnológicos como os livros eletrônicos. O prazer de ver sua obra publicada é finalmente acessível a todas as pessoas.</em><br />
<em>Destaco o papel do Sr. Felipe em todo o processo de publicação. Felipe é igualmente contramaré. A sua paciência supera facilmente o arquétipo bíblico de resignação. Nada mais insistente, persistente e irritante do que um escritor cheio de dúvidas sobre todo o processo de publicação de sua obra. Ele representa a segurança de um fiel escudeiro, mais ou menos como Sancho Pança na obra de Cervantes.”</em></p>
<p style="text-align: right;"><strong>HMelo</strong><br />
Autor de “Noções Gerais de Direi toMarítimo” e outros 5 títulos.<br />
hmelo1002@hotmail.com</p>
<p>[/vc_column_text][/vc_column][/vc_row][vc_row][vc_column width=&#8221;1/2&#8243;][vc_column_text]“<em>Bom, conheci a Editora Cidadela através de um convite na rede Ning Palavras, incentivada por um amigo. Embora escreva há muito tempo não imaginava a possibilidade de um dia ver minhas poesias publicadas em um livro, mas no fundo, escondido, havia sim um profundo desejo que precisava ser estimulado.</em><br />
<em>Destaque para a seriedade, paciência com que fui atendida e o interesse em levar aos jovens a ter um encontro com a arte de escrever estimulando futuros escritores. São pontos positivos que me encantaram no começo. Confiei a eles minhas poesias.</em><br />
<em>Por fim o profissionalismo, a qualidade do produto, tudo feito com muito capricho, boa digitação, diagramação bem elaborada, papel de ótima qualidade. Simplesmente ‘Amei’ fazer parceria com a Cidadela no Projeto Pequenas Histórias.</em><br />
<em>Feliz com o acabamento do produto e mais feliz ainda em ter a Coletânea de Poesias em minhas mãos, poder folhear e admirar o livro em que participei.</em><br />
<em>A todos da Editora Cidadela obrigada pelo carinho e respeito com que sempre fui atendida.”</em></p>
<p style="text-align: right;"><strong>Marilda de Medeiros Correa,</strong> autora participante<br />
do Projeto Pequenas Histórias — Poesias.<br />
mari_rhua@hotmail.com</p>
<p>[/vc_column_text][/vc_column][vc_column width=&#8221;1/2&#8243;][vc_column_text]<em>“Certa vez li o seguinte verso ‘Atire-se em direção a lua, se você não acertar, certamente aterrissará entre as estrelas…’ Acredito que todo escritor sonha em um dia ver a sua obra editada, desengavetar o que com tanto amor, dor, suor e paixão se aplicou em escrever. E eu posso dizer que hoje eu alcancei a primeira estrela da minha realização, através da Cidadela Editorial que foi como uma luz no fim do túnel, pois de verdade oportunizou essa conquista, não onera de forma inviável a obra, mas sim abre as portas para que ela seja realmente concretizada. E quem sabe eu ainda alcance a lua.. tudo é possível.</em></p>
<p><em>Acredite amigo escritor você também pode alcançar essa realização e ter o seu sonhado livro em mãos…”</em></p>
<p style="text-align: right;"><strong>Aline Kalçovik,</strong> autora de “O Libertar de um Dom”<br />
linekalcovik@hotmail.com</p>
<p>[/vc_column_text][/vc_column][/vc_row][vc_row][vc_column width=&#8221;1/2&#8243;][vc_column_text]“O livro superou todas as minhas expectativas. Folheando suas páginas, me encantei ao ver o cuidado e o carinho que a editora teve com nossos “filhos” (contos). O Pequenas Histórias é, sem dúvida, uma iniciativa maravilhosa da Cidadela. Quero continuar participando do projeto nas próximas edições. Mais uma vez, muito obrigada e parabéns!”</p>
<p style="text-align: right;"><strong>Luciana Arrieta Volpato</strong>, autora participante do “Projeto Pequenas Histórias”<br />
lucinhaok@gmail.com</p>
<p>[/vc_column_text][/vc_column][vc_column width=&#8221;1/2&#8243;][/vc_column][/vc_row]</p>

<p>[vc_row][vc_column][vc_column_text] Veja o que alguns autores tem a dizer sobre a Cidadela Edição por Demanda [/vc_column_text][/vc_column][/vc_row][vc_row][vc_column width=&#8221;1/2&#8243;][vc_column_text]“Depois de exaustivamente buscar uma editora que atendesse aos meus anseios, com relação à edição de alguns livros de minha autoria, deparei-me, através da internet, com a Cidadela Editorial. Confesso que, a principio temeroso, enviei meus escritos por E-Mail [&hellip;]</p>
